{"id":1927,"date":"2025-12-01T11:56:19","date_gmt":"2025-12-01T11:56:19","guid":{"rendered":"https:\/\/etiketfabrikasi.com.tr\/?page_id=1927"},"modified":"2025-12-01T13:27:21","modified_gmt":"2025-12-01T13:27:21","slug":"derietiket","status":"publish","type":"page","link":"https:\/\/etiketfabrikasi.com.tr\/index.php\/derietiket\/","title":{"rendered":"DeriEtiket"},"content":{"rendered":"<div data-colibri-id=\"1927-c1\" class=\"style-779 style-local-1927-c1 position-relative\">\n  <!---->\n  <div data-colibri-component=\"\" data-colibri-id=\"1927-c2\" id=\"photo-gallery\" class=\"h-photo-gallery margin-none caption-none style-783 style-local-1927-c2 position-relative h-element\">\n    <!---->\n    <div class=\"h-global-transition-all\"><div id='colibri-1927-c2' class='gallery-wrapper'>    <style type=\"text\/css\">\n\n        @media (min-width: 1023px) {        #colibri-1927-c2        dl {\n            float: left;\n            width: 25% !important;\n            max-width: 25% !important;\n            min-width: 25% !important;\n        }\n\n        #colibri-1927-c2        dl:nth-of-type(4n +1 ) {\n            clear: both;\n        }\n\n        }@media (min-width: 768px) and (max-width: 1023px) {        #colibri-1927-c2        dl {\n            float: left;\n            width: 25% !important;\n            max-width: 25% !important;\n            min-width: 25% !important;\n        }\n\n        #colibri-1927-c2        dl:nth-of-type(4n +1 ) {\n            clear: both;\n        }\n\n        }@media (max-width: 767px) {        #colibri-1927-c2        dl {\n            float: left;\n            width: 25% !important;\n            max-width: 25% !important;\n            min-width: 25% !important;\n        }\n\n        #colibri-1927-c2        dl:nth-of-type(4n +1 ) {\n            clear: both;\n        }\n\n        }\n        #colibri-1927-c2        .gallery-item {\n            position: relative;\n        }\n\n        \n    <\/style>\n    <div   class='colibri-1927-c2-dls-wrapper gallery-items-wrapper' ><dl class='gallery-item masonry-item'>\n\t\t\t<dt class='gallery-icon portrait'>\n\t\t\t\t<a data-fancybox=\"colibri-1927-c2-group\" href='https:\/\/etiketfabrikasi.com.tr\/wp-content\/uploads\/2025\/12\/IMG_4417.jpg'><img loading=\"lazy\" decoding=\"async\"  width=\"225\" height=\"300\" src=\"https:\/\/etiketfabrikasi.com.tr\/wp-content\/uploads\/2025\/12\/IMG_4417-225x300.jpg\"  class='colibri-1927-c2-image' alt=\"\" srcset=\"https:\/\/etiketfabrikasi.com.tr\/wp-content\/uploads\/2025\/12\/IMG_4417-225x300.jpg 225w, https:\/\/etiketfabrikasi.com.tr\/wp-content\/uploads\/2025\/12\/IMG_4417-768x1024.jpg 768w, https:\/\/etiketfabrikasi.com.tr\/wp-content\/uploads\/2025\/12\/IMG_4417-1152x1536.jpg 1152w, https:\/\/etiketfabrikasi.com.tr\/wp-content\/uploads\/2025\/12\/IMG_4417.jpg 1200w\" sizes=\"auto, (max-width: 225px) 100vw, 225px\" \/><\/a>\n\t\t\t<\/dt><\/dl><dl class='gallery-item masonry-item'>\n\t\t\t<dt class='gallery-icon portrait'>\n\t\t\t\t<a data-fancybox=\"colibri-1927-c2-group\" href='https:\/\/etiketfabrikasi.com.tr\/wp-content\/uploads\/2025\/12\/IMG_4421.jpg'><img loading=\"lazy\" decoding=\"async\"  width=\"225\" height=\"300\" src=\"https:\/\/etiketfabrikasi.com.tr\/wp-content\/uploads\/2025\/12\/IMG_4421-225x300.jpg\"  class='colibri-1927-c2-image' alt=\"\" srcset=\"https:\/\/etiketfabrikasi.com.tr\/wp-content\/uploads\/2025\/12\/IMG_4421-225x300.jpg 225w, https:\/\/etiketfabrikasi.com.tr\/wp-content\/uploads\/2025\/12\/IMG_4421-768x1024.jpg 768w, https:\/\/etiketfabrikasi.com.tr\/wp-content\/uploads\/2025\/12\/IMG_4421-1152x1536.jpg 1152w, https:\/\/etiketfabrikasi.com.tr\/wp-content\/uploads\/2025\/12\/IMG_4421.jpg 1200w\" sizes=\"auto, (max-width: 225px) 100vw, 225px\" \/><\/a>\n\t\t\t<\/dt><\/dl><dl class='gallery-item masonry-item'>\n\t\t\t<dt class='gallery-icon portrait'>\n\t\t\t\t<a data-fancybox=\"colibri-1927-c2-group\" href='https:\/\/etiketfabrikasi.com.tr\/wp-content\/uploads\/2025\/12\/IMG_4426.jpg'><img loading=\"lazy\" decoding=\"async\"  width=\"225\" height=\"300\" src=\"https:\/\/etiketfabrikasi.com.tr\/wp-content\/uploads\/2025\/12\/IMG_4426-225x300.jpg\"  class='colibri-1927-c2-image' alt=\"\" srcset=\"https:\/\/etiketfabrikasi.com.tr\/wp-content\/uploads\/2025\/12\/IMG_4426-225x300.jpg 225w, https:\/\/etiketfabrikasi.com.tr\/wp-content\/uploads\/2025\/12\/IMG_4426-768x1024.jpg 768w, https:\/\/etiketfabrikasi.com.tr\/wp-content\/uploads\/2025\/12\/IMG_4426-1152x1536.jpg 1152w, https:\/\/etiketfabrikasi.com.tr\/wp-content\/uploads\/2025\/12\/IMG_4426.jpg 1200w\" sizes=\"auto, (max-width: 225px) 100vw, 225px\" \/><\/a>\n\t\t\t<\/dt><\/dl><dl class='gallery-item masonry-item'>\n\t\t\t<dt class='gallery-icon portrait'>\n\t\t\t\t<a data-fancybox=\"colibri-1927-c2-group\" href='https:\/\/etiketfabrikasi.com.tr\/wp-content\/uploads\/2025\/12\/IMG_4430.jpg'><img loading=\"lazy\" decoding=\"async\"  width=\"225\" height=\"300\" src=\"https:\/\/etiketfabrikasi.com.tr\/wp-content\/uploads\/2025\/12\/IMG_4430-225x300.jpg\"  class='colibri-1927-c2-image' alt=\"\" srcset=\"https:\/\/etiketfabrikasi.com.tr\/wp-content\/uploads\/2025\/12\/IMG_4430-225x300.jpg 225w, https:\/\/etiketfabrikasi.com.tr\/wp-content\/uploads\/2025\/12\/IMG_4430-768x1024.jpg 768w, https:\/\/etiketfabrikasi.com.tr\/wp-content\/uploads\/2025\/12\/IMG_4430-1152x1536.jpg 1152w, https:\/\/etiketfabrikasi.com.tr\/wp-content\/uploads\/2025\/12\/IMG_4430.jpg 1200w\" sizes=\"auto, (max-width: 225px) 100vw, 225px\" \/><\/a>\n\t\t\t<\/dt><\/dl><dl class='gallery-item masonry-item'>\n\t\t\t<dt class='gallery-icon portrait'>\n\t\t\t\t<a data-fancybox=\"colibri-1927-c2-group\" href='https:\/\/etiketfabrikasi.com.tr\/wp-content\/uploads\/2025\/12\/IMG_4435.jpg'><img loading=\"lazy\" decoding=\"async\"  width=\"225\" height=\"300\" src=\"https:\/\/etiketfabrikasi.com.tr\/wp-content\/uploads\/2025\/12\/IMG_4435-225x300.jpg\"  class='colibri-1927-c2-image' alt=\"\" srcset=\"https:\/\/etiketfabrikasi.com.tr\/wp-content\/uploads\/2025\/12\/IMG_4435-225x300.jpg 225w, https:\/\/etiketfabrikasi.com.tr\/wp-content\/uploads\/2025\/12\/IMG_4435-768x1024.jpg 768w, https:\/\/etiketfabrikasi.com.tr\/wp-content\/uploads\/2025\/12\/IMG_4435-1152x1536.jpg 1152w, https:\/\/etiketfabrikasi.com.tr\/wp-content\/uploads\/2025\/12\/IMG_4435.jpg 1200w\" sizes=\"auto, (max-width: 225px) 100vw, 225px\" \/><\/a>\n\t\t\t<\/dt><\/dl><dl class='gallery-item masonry-item'>\n\t\t\t<dt class='gallery-icon portrait'>\n\t\t\t\t<a data-fancybox=\"colibri-1927-c2-group\" href='https:\/\/etiketfabrikasi.com.tr\/wp-content\/uploads\/2025\/12\/IMG_4439.jpg'><img loading=\"lazy\" decoding=\"async\"  width=\"225\" height=\"300\" src=\"https:\/\/etiketfabrikasi.com.tr\/wp-content\/uploads\/2025\/12\/IMG_4439-225x300.jpg\"  class='colibri-1927-c2-image' alt=\"\" srcset=\"https:\/\/etiketfabrikasi.com.tr\/wp-content\/uploads\/2025\/12\/IMG_4439-225x300.jpg 225w, https:\/\/etiketfabrikasi.com.tr\/wp-content\/uploads\/2025\/12\/IMG_4439-768x1024.jpg 768w, https:\/\/etiketfabrikasi.com.tr\/wp-content\/uploads\/2025\/12\/IMG_4439-1152x1536.jpg 1152w, https:\/\/etiketfabrikasi.com.tr\/wp-content\/uploads\/2025\/12\/IMG_4439.jpg 1200w\" sizes=\"auto, (max-width: 225px) 100vw, 225px\" \/><\/a>\n\t\t\t<\/dt><\/dl><dl class='gallery-item masonry-item'>\n\t\t\t<dt class='gallery-icon portrait'>\n\t\t\t\t<a data-fancybox=\"colibri-1927-c2-group\" href='https:\/\/etiketfabrikasi.com.tr\/wp-content\/uploads\/2025\/12\/IMG_4357.jpg'><img loading=\"lazy\" decoding=\"async\"  width=\"221\" height=\"300\" src=\"https:\/\/etiketfabrikasi.com.tr\/wp-content\/uploads\/2025\/12\/IMG_4357-221x300.jpg\"  class='colibri-1927-c2-image' alt=\"\" srcset=\"https:\/\/etiketfabrikasi.com.tr\/wp-content\/uploads\/2025\/12\/IMG_4357-221x300.jpg 221w, https:\/\/etiketfabrikasi.com.tr\/wp-content\/uploads\/2025\/12\/IMG_4357-753x1024.jpg 753w, https:\/\/etiketfabrikasi.com.tr\/wp-content\/uploads\/2025\/12\/IMG_4357-768x1044.jpg 768w, https:\/\/etiketfabrikasi.com.tr\/wp-content\/uploads\/2025\/12\/IMG_4357-1130x1536.jpg 1130w, https:\/\/etiketfabrikasi.com.tr\/wp-content\/uploads\/2025\/12\/IMG_4357.jpg 1200w\" sizes=\"auto, (max-width: 221px) 100vw, 221px\" \/><\/a>\n\t\t\t<\/dt><\/dl><dl class='gallery-item masonry-item'>\n\t\t\t<dt class='gallery-icon portrait'>\n\t\t\t\t<a data-fancybox=\"colibri-1927-c2-group\" href='https:\/\/etiketfabrikasi.com.tr\/wp-content\/uploads\/2025\/12\/IMG_4375.jpg'><img loading=\"lazy\" decoding=\"async\"  width=\"225\" height=\"300\" src=\"https:\/\/etiketfabrikasi.com.tr\/wp-content\/uploads\/2025\/12\/IMG_4375-225x300.jpg\"  class='colibri-1927-c2-image' alt=\"\" srcset=\"https:\/\/etiketfabrikasi.com.tr\/wp-content\/uploads\/2025\/12\/IMG_4375-225x300.jpg 225w, https:\/\/etiketfabrikasi.com.tr\/wp-content\/uploads\/2025\/12\/IMG_4375-768x1024.jpg 768w, https:\/\/etiketfabrikasi.com.tr\/wp-content\/uploads\/2025\/12\/IMG_4375-1152x1536.jpg 1152w, https:\/\/etiketfabrikasi.com.tr\/wp-content\/uploads\/2025\/12\/IMG_4375.jpg 1200w\" sizes=\"auto, (max-width: 225px) 100vw, 225px\" \/><\/a>\n\t\t\t<\/dt><\/dl><dl class='gallery-item masonry-item'>\n\t\t\t<dt class='gallery-icon portrait'>\n\t\t\t\t<a data-fancybox=\"colibri-1927-c2-group\" href='https:\/\/etiketfabrikasi.com.tr\/wp-content\/uploads\/2025\/12\/IMG_4393.jpg'><img loading=\"lazy\" decoding=\"async\"  width=\"225\" height=\"300\" src=\"https:\/\/etiketfabrikasi.com.tr\/wp-content\/uploads\/2025\/12\/IMG_4393-225x300.jpg\"  class='colibri-1927-c2-image' alt=\"\" srcset=\"https:\/\/etiketfabrikasi.com.tr\/wp-content\/uploads\/2025\/12\/IMG_4393-225x300.jpg 225w, https:\/\/etiketfabrikasi.com.tr\/wp-content\/uploads\/2025\/12\/IMG_4393-768x1024.jpg 768w, https:\/\/etiketfabrikasi.com.tr\/wp-content\/uploads\/2025\/12\/IMG_4393-1152x1536.jpg 1152w, https:\/\/etiketfabrikasi.com.tr\/wp-content\/uploads\/2025\/12\/IMG_4393.jpg 1200w\" sizes=\"auto, (max-width: 225px) 100vw, 225px\" \/><\/a>\n\t\t\t<\/dt><\/dl><dl class='gallery-item masonry-item'>\n\t\t\t<dt class='gallery-icon portrait'>\n\t\t\t\t<a data-fancybox=\"colibri-1927-c2-group\" href='https:\/\/etiketfabrikasi.com.tr\/wp-content\/uploads\/2025\/12\/IMG_4398.jpg'><img loading=\"lazy\" decoding=\"async\"  width=\"225\" height=\"300\" src=\"https:\/\/etiketfabrikasi.com.tr\/wp-content\/uploads\/2025\/12\/IMG_4398-225x300.jpg\"  class='colibri-1927-c2-image' alt=\"\" srcset=\"https:\/\/etiketfabrikasi.com.tr\/wp-content\/uploads\/2025\/12\/IMG_4398-225x300.jpg 225w, https:\/\/etiketfabrikasi.com.tr\/wp-content\/uploads\/2025\/12\/IMG_4398-768x1024.jpg 768w, https:\/\/etiketfabrikasi.com.tr\/wp-content\/uploads\/2025\/12\/IMG_4398-1152x1536.jpg 1152w, https:\/\/etiketfabrikasi.com.tr\/wp-content\/uploads\/2025\/12\/IMG_4398.jpg 1200w\" sizes=\"auto, (max-width: 225px) 100vw, 225px\" \/><\/a>\n\t\t\t<\/dt><\/dl><dl class='gallery-item masonry-item'>\n\t\t\t<dt class='gallery-icon portrait'>\n\t\t\t\t<a data-fancybox=\"colibri-1927-c2-group\" href='https:\/\/etiketfabrikasi.com.tr\/wp-content\/uploads\/2025\/12\/IMG_4402.jpg'><img loading=\"lazy\" decoding=\"async\"  width=\"225\" height=\"300\" src=\"https:\/\/etiketfabrikasi.com.tr\/wp-content\/uploads\/2025\/12\/IMG_4402-225x300.jpg\"  class='colibri-1927-c2-image' alt=\"\" srcset=\"https:\/\/etiketfabrikasi.com.tr\/wp-content\/uploads\/2025\/12\/IMG_4402-225x300.jpg 225w, https:\/\/etiketfabrikasi.com.tr\/wp-content\/uploads\/2025\/12\/IMG_4402-768x1024.jpg 768w, https:\/\/etiketfabrikasi.com.tr\/wp-content\/uploads\/2025\/12\/IMG_4402-1152x1536.jpg 1152w, https:\/\/etiketfabrikasi.com.tr\/wp-content\/uploads\/2025\/12\/IMG_4402.jpg 1200w\" sizes=\"auto, (max-width: 225px) 100vw, 225px\" \/><\/a>\n\t\t\t<\/dt><\/dl><dl class='gallery-item masonry-item'>\n\t\t\t<dt class='gallery-icon portrait'>\n\t\t\t\t<a data-fancybox=\"colibri-1927-c2-group\" href='https:\/\/etiketfabrikasi.com.tr\/wp-content\/uploads\/2025\/12\/IMG_4406.jpg'><img loading=\"lazy\" decoding=\"async\"  width=\"225\" height=\"300\" src=\"https:\/\/etiketfabrikasi.com.tr\/wp-content\/uploads\/2025\/12\/IMG_4406-225x300.jpg\"  class='colibri-1927-c2-image' alt=\"\" srcset=\"https:\/\/etiketfabrikasi.com.tr\/wp-content\/uploads\/2025\/12\/IMG_4406-225x300.jpg 225w, https:\/\/etiketfabrikasi.com.tr\/wp-content\/uploads\/2025\/12\/IMG_4406-768x1024.jpg 768w, https:\/\/etiketfabrikasi.com.tr\/wp-content\/uploads\/2025\/12\/IMG_4406-1152x1536.jpg 1152w, https:\/\/etiketfabrikasi.com.tr\/wp-content\/uploads\/2025\/12\/IMG_4406.jpg 1200w\" sizes=\"auto, (max-width: 225px) 100vw, 225px\" \/><\/a>\n\t\t\t<\/dt><\/dl>\n\t\t<\/div>\n<style>#colibri-1927-c2 .wp-caption-text.gallery-caption{display:none;}<\/style><\/div><\/div>\n  <\/div>\n  <div data-colibri-component=\"section\" data-colibri-id=\"1927-c3\" id=\"custom\" class=\"h-section h-section-global-spacing d-flex align-items-lg-center align-items-md-center align-items-center style-821 style-local-1927-c3 position-relative\">\n    <!---->\n    <!---->\n    <div class=\"h-section-grid-container h-section-boxed-container\">\n      <!---->\n      <div data-colibri-id=\"1927-c6\" class=\"h-row-container gutters-row-lg-2 gutters-row-md-2 gutters-row-0 gutters-row-v-lg-2 gutters-row-v-md-2 gutters-row-v-2 style-824 style-local-1927-c6 position-relative\">\n        <!---->\n        <div class=\"h-row justify-content-lg-center justify-content-md-center justify-content-center align-items-lg-stretch align-items-md-stretch align-items-stretch gutters-col-lg-2 gutters-col-md-2 gutters-col-0 gutters-col-v-lg-2 gutters-col-v-md-2 gutters-col-v-2\">\n          <!---->\n          <div class=\"h-column h-column-container d-flex h-col-lg-auto h-col-md-auto h-col-auto style-825-outer style-local-1927-c7-outer\">\n            <div data-colibri-id=\"1927-c7\" class=\"d-flex h-flex-basis h-column__inner h-px-lg-2 h-px-md-2 h-px-2 v-inner-lg-2 v-inner-md-2 v-inner-2 style-825 style-local-1927-c7 position-relative\">\n              <!---->\n              <!---->\n              <div class=\"w-100 h-y-container h-column__content h-column__v-align flex-basis-100 align-self-lg-start align-self-md-start align-self-start\">\n                <!---->\n                <div data-colibri-id=\"1927-c8\" class=\"h-global-transition-all h-heading style-826 style-local-1927-c8 position-relative h-element\">\n                  <!---->\n                  <div class=\"h-heading__outer style-826 style-local-1927-c8\">\n                    <!---->\n                    <!---->\n                    <h2 class=\"\">DER\u0130 ET\u0130KETLER<\/h2>\n                  <\/div>\n                <\/div>\n                <div data-colibri-id=\"1927-c9\" class=\"h-lead h-text h-text-component style-827 style-local-1927-c9 position-relative h-element\">\n                  <!---->\n                  <!---->\n                  <div class=\"\">\n                    <p>Bir \u00fcr\u00fcn\u00fcn kalitesini ilk bak\u0131\u015fta hissettiren en prestijli marka unsurlar\u0131ndan biridir.\n                      <br>Dayan\u0131kl\u0131 yap\u0131s\u0131, \u015f\u0131k dokusu ve zamans\u0131z g\u00f6r\u00fcn\u00fcm\u00fc sayesinde \u00f6zellikle,\n                      <br><strong>Kot pantolon, d\u0131\u015f giyim ve deri aksesuarlar\u0131nda<\/strong> markalar\u0131n vazge\u00e7ilmez tercihidir.\n                      <br>\u00dcr\u00fcne karakter, duru\u015f ve de\u011fer katar; kullan\u0131c\u0131ya premium bir deneyim sunar.\n                      <br>\n                      <br>\u00dcretimlerimizde <strong>hakiki deri, suni deri, mikro deri ve jakarl\u0131 tabanlar<\/strong> gibi farkl\u0131 alternatifler kullanarak,\n                      <br>Her marka kimli\u011fine uygun \u00e7\u00f6z\u00fcmler tasarl\u0131yoruz.&nbsp;\n                      <br>Deri etiketlerin \u00fczerine <strong>serigrafi bask\u0131, s\u0131cak gofre, yakma (laser), yald\u0131z bask\u0131, UV bask\u0131 ve frekans i\u015flemleri<\/strong> uygulanarak,\n                      <br>Uzun y\u0131llar kal\u0131c\u0131l\u0131\u011f\u0131n\u0131 koruyan \u00f6zel efektler elde ediyoruz.\n                      <br>\n                      <br>\u0130htiyaca g\u00f6re etiketlerin alt y\u00fczeyine <strong>akrilik yap\u0131\u015ft\u0131r\u0131c\u0131<\/strong> uygulanabilir.\n                      <br>Bu uygulama sayesinde deri etiketler; <strong>\u00e7anta, ayakkab\u0131, kemer, defter, valiz ve tekstil \u00fcr\u00fcnlerinde<\/strong> g\u00fcvenli bir \u015fekilde kullan\u0131labilir.\n                      <br>\u00dcr\u00fcn formuna g\u00f6re katlama, diki\u015f pay\u0131, delik a\u00e7ma, kabartma veya kesim se\u00e7enekleriyle her detay\u0131 markan\u0131z i\u00e7in ki\u015fiselle\u015ftiriyoruz.\n                      <br>\n                      <br><strong>Deri etiket<\/strong>, yaln\u0131zca bir aksesuar de\u011fil; markan\u0131n tarz\u0131n\u0131, kalitesini ve duru\u015funu anlatan g\u00fc\u00e7l\u00fc bir imza niteli\u011findedir.\n                      <br>\u00dcr\u00fcne de\u011fer katar, markay\u0131 ak\u0131lda tutar ve son kullan\u0131c\u0131da premium alg\u0131 olu\u015fturur.\n                      <br>\n                    <\/p>\n                  <\/div>\n                <\/div>\n              <\/div>\n            <\/div>\n          <\/div>\n        <\/div>\n      <\/div>\n    <\/div>\n  <\/div>\n<\/div>","protected":false},"excerpt":{"rendered":"<p>DER\u0130 ET\u0130KETLER Bir \u00fcr\u00fcn\u00fcn kalitesini ilk bak\u0131\u015fta hissettiren en prestijli marka unsurlar\u0131ndan biridir. [&hellip;]<\/p>\n","protected":false},"author":2,"featured_media":0,"parent":0,"menu_order":0,"comment_status":"closed","ping_status":"closed","template":"page-templates\/full-width-page.php","meta":{"footnotes":""},"class_list":["post-1927","page","type-page","status-publish","hentry"],"yoast_head":"<!-- This site is optimized with the Yoast SEO plugin v27.3 - https:\/\/yoast.com\/product\/yoast-seo-wordpress\/ -->\n<title>DeriEtiket - ET\u0130KET FABR\u0130KASI<\/title>\n<meta name=\"robots\" content=\"index, follow, max-snippet:-1, max-image-preview:large, max-video-preview:-1\" \/>\n<link rel=\"canonical\" href=\"https:\/\/etiketfabrikasi.com.tr\/index.php\/derietiket\/\" \/>\n<meta property=\"og:locale\" content=\"tr_TR\" \/>\n<meta property=\"og:type\" content=\"article\" \/>\n<meta property=\"og:title\" content=\"DeriEtiket - ET\u0130KET FABR\u0130KASI\" \/>\n<meta property=\"og:description\" content=\"DER\u0130 ET\u0130KETLER Bir \u00fcr\u00fcn\u00fcn kalitesini ilk bak\u0131\u015fta hissettiren en prestijli marka unsurlar\u0131ndan biridir. [&hellip;]\" \/>\n<meta property=\"og:url\" content=\"https:\/\/etiketfabrikasi.com.tr\/index.php\/derietiket\/\" \/>\n<meta property=\"og:site_name\" content=\"ET\u0130KET FABR\u0130KASI\" \/>\n<meta property=\"article:modified_time\" content=\"2025-12-01T13:27:21+00:00\" \/>\n<meta name=\"twitter:card\" content=\"summary_large_image\" \/>\n<script type=\"application\/ld+json\" class=\"yoast-schema-graph\">{\"@context\":\"https:\\\/\\\/schema.org\",\"@graph\":[{\"@type\":\"WebPage\",\"@id\":\"https:\\\/\\\/etiketfabrikasi.com.tr\\\/index.php\\\/derietiket\\\/\",\"url\":\"https:\\\/\\\/etiketfabrikasi.com.tr\\\/index.php\\\/derietiket\\\/\",\"name\":\"DeriEtiket - ET\u0130KET FABR\u0130KASI\",\"isPartOf\":{\"@id\":\"https:\\\/\\\/etiketfabrikasi.com.tr\\\/#website\"},\"datePublished\":\"2025-12-01T11:56:19+00:00\",\"dateModified\":\"2025-12-01T13:27:21+00:00\",\"breadcrumb\":{\"@id\":\"https:\\\/\\\/etiketfabrikasi.com.tr\\\/index.php\\\/derietiket\\\/#breadcrumb\"},\"inLanguage\":\"tr\",\"potentialAction\":[{\"@type\":\"ReadAction\",\"target\":[\"https:\\\/\\\/etiketfabrikasi.com.tr\\\/index.php\\\/derietiket\\\/\"]}]},{\"@type\":\"BreadcrumbList\",\"@id\":\"https:\\\/\\\/etiketfabrikasi.com.tr\\\/index.php\\\/derietiket\\\/#breadcrumb\",\"itemListElement\":[{\"@type\":\"ListItem\",\"position\":1,\"name\":\"Anasayfa\",\"item\":\"https:\\\/\\\/etiketfabrikasi.com.tr\\\/\"},{\"@type\":\"ListItem\",\"position\":2,\"name\":\"DeriEtiket\"}]},{\"@type\":\"WebSite\",\"@id\":\"https:\\\/\\\/etiketfabrikasi.com.tr\\\/#website\",\"url\":\"https:\\\/\\\/etiketfabrikasi.com.tr\\\/\",\"name\":\"ET\u0130KET FABR\u0130KASI\",\"description\":\"UNIQUE FASHIONS LABEL\",\"publisher\":{\"@id\":\"https:\\\/\\\/etiketfabrikasi.com.tr\\\/#organization\"},\"potentialAction\":[{\"@type\":\"SearchAction\",\"target\":{\"@type\":\"EntryPoint\",\"urlTemplate\":\"https:\\\/\\\/etiketfabrikasi.com.tr\\\/?s={search_term_string}\"},\"query-input\":{\"@type\":\"PropertyValueSpecification\",\"valueRequired\":true,\"valueName\":\"search_term_string\"}}],\"inLanguage\":\"tr\"},{\"@type\":\"Organization\",\"@id\":\"https:\\\/\\\/etiketfabrikasi.com.tr\\\/#organization\",\"name\":\"ET\u0130KET FABR\u0130KASI\",\"url\":\"https:\\\/\\\/etiketfabrikasi.com.tr\\\/\",\"logo\":{\"@type\":\"ImageObject\",\"inLanguage\":\"tr\",\"@id\":\"https:\\\/\\\/etiketfabrikasi.com.tr\\\/#\\\/schema\\\/logo\\\/image\\\/\",\"url\":\"https:\\\/\\\/etiketfabrikasi.com.tr\\\/wp-content\\\/uploads\\\/2025\\\/11\\\/cropped-cropped-cropped-cropped-cropped-cropped-cropped-logo.png\",\"contentUrl\":\"https:\\\/\\\/etiketfabrikasi.com.tr\\\/wp-content\\\/uploads\\\/2025\\\/11\\\/cropped-cropped-cropped-cropped-cropped-cropped-cropped-logo.png\",\"width\":1210,\"height\":209,\"caption\":\"ET\u0130KET FABR\u0130KASI\"},\"image\":{\"@id\":\"https:\\\/\\\/etiketfabrikasi.com.tr\\\/#\\\/schema\\\/logo\\\/image\\\/\"}}]}<\/script>\n<!-- \/ Yoast SEO plugin. -->","yoast_head_json":{"title":"DeriEtiket - ET\u0130KET FABR\u0130KASI","robots":{"index":"index","follow":"follow","max-snippet":"max-snippet:-1","max-image-preview":"max-image-preview:large","max-video-preview":"max-video-preview:-1"},"canonical":"https:\/\/etiketfabrikasi.com.tr\/index.php\/derietiket\/","og_locale":"tr_TR","og_type":"article","og_title":"DeriEtiket - ET\u0130KET FABR\u0130KASI","og_description":"DER\u0130 ET\u0130KETLER Bir \u00fcr\u00fcn\u00fcn kalitesini ilk bak\u0131\u015fta hissettiren en prestijli marka unsurlar\u0131ndan biridir. [&hellip;]","og_url":"https:\/\/etiketfabrikasi.com.tr\/index.php\/derietiket\/","og_site_name":"ET\u0130KET FABR\u0130KASI","article_modified_time":"2025-12-01T13:27:21+00:00","twitter_card":"summary_large_image","schema":{"@context":"https:\/\/schema.org","@graph":[{"@type":"WebPage","@id":"https:\/\/etiketfabrikasi.com.tr\/index.php\/derietiket\/","url":"https:\/\/etiketfabrikasi.com.tr\/index.php\/derietiket\/","name":"DeriEtiket - ET\u0130KET FABR\u0130KASI","isPartOf":{"@id":"https:\/\/etiketfabrikasi.com.tr\/#website"},"datePublished":"2025-12-01T11:56:19+00:00","dateModified":"2025-12-01T13:27:21+00:00","breadcrumb":{"@id":"https:\/\/etiketfabrikasi.com.tr\/index.php\/derietiket\/#breadcrumb"},"inLanguage":"tr","potentialAction":[{"@type":"ReadAction","target":["https:\/\/etiketfabrikasi.com.tr\/index.php\/derietiket\/"]}]},{"@type":"BreadcrumbList","@id":"https:\/\/etiketfabrikasi.com.tr\/index.php\/derietiket\/#breadcrumb","itemListElement":[{"@type":"ListItem","position":1,"name":"Anasayfa","item":"https:\/\/etiketfabrikasi.com.tr\/"},{"@type":"ListItem","position":2,"name":"DeriEtiket"}]},{"@type":"WebSite","@id":"https:\/\/etiketfabrikasi.com.tr\/#website","url":"https:\/\/etiketfabrikasi.com.tr\/","name":"ET\u0130KET FABR\u0130KASI","description":"UNIQUE FASHIONS LABEL","publisher":{"@id":"https:\/\/etiketfabrikasi.com.tr\/#organization"},"potentialAction":[{"@type":"SearchAction","target":{"@type":"EntryPoint","urlTemplate":"https:\/\/etiketfabrikasi.com.tr\/?s={search_term_string}"},"query-input":{"@type":"PropertyValueSpecification","valueRequired":true,"valueName":"search_term_string"}}],"inLanguage":"tr"},{"@type":"Organization","@id":"https:\/\/etiketfabrikasi.com.tr\/#organization","name":"ET\u0130KET FABR\u0130KASI","url":"https:\/\/etiketfabrikasi.com.tr\/","logo":{"@type":"ImageObject","inLanguage":"tr","@id":"https:\/\/etiketfabrikasi.com.tr\/#\/schema\/logo\/image\/","url":"https:\/\/etiketfabrikasi.com.tr\/wp-content\/uploads\/2025\/11\/cropped-cropped-cropped-cropped-cropped-cropped-cropped-logo.png","contentUrl":"https:\/\/etiketfabrikasi.com.tr\/wp-content\/uploads\/2025\/11\/cropped-cropped-cropped-cropped-cropped-cropped-cropped-logo.png","width":1210,"height":209,"caption":"ET\u0130KET FABR\u0130KASI"},"image":{"@id":"https:\/\/etiketfabrikasi.com.tr\/#\/schema\/logo\/image\/"}}]}},"_links":{"self":[{"href":"https:\/\/etiketfabrikasi.com.tr\/index.php\/wp-json\/wp\/v2\/pages\/1927","targetHints":{"allow":["GET"]}}],"collection":[{"href":"https:\/\/etiketfabrikasi.com.tr\/index.php\/wp-json\/wp\/v2\/pages"}],"about":[{"href":"https:\/\/etiketfabrikasi.com.tr\/index.php\/wp-json\/wp\/v2\/types\/page"}],"author":[{"embeddable":true,"href":"https:\/\/etiketfabrikasi.com.tr\/index.php\/wp-json\/wp\/v2\/users\/2"}],"replies":[{"embeddable":true,"href":"https:\/\/etiketfabrikasi.com.tr\/index.php\/wp-json\/wp\/v2\/comments?post=1927"}],"version-history":[{"count":4,"href":"https:\/\/etiketfabrikasi.com.tr\/index.php\/wp-json\/wp\/v2\/pages\/1927\/revisions"}],"predecessor-version":[{"id":2047,"href":"https:\/\/etiketfabrikasi.com.tr\/index.php\/wp-json\/wp\/v2\/pages\/1927\/revisions\/2047"}],"wp:attachment":[{"href":"https:\/\/etiketfabrikasi.com.tr\/index.php\/wp-json\/wp\/v2\/media?parent=1927"}],"curies":[{"name":"wp","href":"https:\/\/api.w.org\/{rel}","templated":true}]}}